the second derivative of a**4/12 + 11*a**3/6 + 9*a**2/2 - 2696*a. What is h(-12)?
21
Let f(a) = a**2 - 2*a - 20. Let u(t) = t**2 + 76*t + 764. Let l be u(-12). Give f(l).
4
Suppose 723 + 724 = -15*g + 1402. Let f = -2 + 2. Let d(h) = -h**2 - 2*h + 4 - h**3 + f - 4*h**2. Determine d(g).
-8
Let y(w) be the third derivative of w**5/60 + 5*w**4/8 - 4*w**3/3 + 8004*w**2. Let f = 0 + -15. Give y(f).
-8
Suppose -2*r - 3*r = 30. Let g(l) = -10*l**2 + 27*l + 32. Let a(t) = -2*t**2 + 7*t + 8. Suppose -7*f - 16 = f. Let x(s) = f*g(s) + 9*a(s). Calculate x(r).
26
Let k(i) be the first derivative of i**6/24 - i**5/30 + i**4/24 + 5*i**2/2 + 2*i + 38. Let q(s) be the second derivative of k(s). Give q(1).
4
Let l = 38 + -36. Let d be l/(-6)*-9 - (0 - -3). Suppose d*q = -6*q + 6. Let b(r) = -3*r. Calculate b(q).
-3
Let n(z) = z**3 - 31*z**2 + 32*z - 77. Let f = -8374 + 8404. What is n(f)?
-17
Let r(d) be the third derivative of -3*d**4/4 + 3*d**3 - 226*d**2 - 5. What is r(3)?
-36
Suppose -4*r = 2 - 42. Let x(m) = -176*m + 59*m + 10 - 28 + 62*m + 56*m. Calculate x(r).
-8
Let n(y) = -3*y. Let u(i) be the second derivative of -i**5/20 + 11*i**4/6 + 25*i**3/2 - 3*i**2/2 + 3*i + 4. Let b be u(25). Calculate n(b).
9
Let m(o) = 2*o**2 + 60*o + 78. Let g(x) = x**2 + 35*x + 38. Let q(b) = -9*g(b) + 5*m(b). Calculate q(5).
-2
Let c(v) = 1. Let o be (-3 - (-27)/6)/((-12)/(-16)). Let x(z) = -2*z + 1. Let y(w) = o*x(w) + 2*c(w). Calculate y(3).
-8
Let f(r) = -13*r - 6. Let i be f(1). Let j(k) = k**2 + 16*k - 41. Calculate j(i).
16
Let k be (32/48)/((-2)/6). Let w(h) = 4*h**3 + 7*h**2 - 4*h - 6. Let f be w(k). Let v(j) = 2*j**3 + 2*j**2 - j - 1. Calculate v(f).
-7
Let v be 25*(0 + 27/45). Let a(z) = -z**3 + 16*z**2 - 13*z - 12. Calculate a(v).
18
Let u(r) = 7*r**2 + 17*r - 43. Let k(g) = -4*g**2 - 10*g + 19. Let a(x) = -5*k(x) - 3*u(x). Calculate a(5).
4
Let q(f) = 6*f - 156. Suppose 0 = -4*v - 2*h + 102, -3*h - 39 - 94 = -5*v. Calculate q(v).
0
Let s(a) = -8*a**2 + a. Let k be (1/2)/(4/24). Suppose -150 = -k*v - q, -6*v = -11*v + q + 250. Let w = v - 49. What is s(w)?
-7
Suppose 4*w = 4*i + 40, -251 + 220 = i - 4*w. Let l(o) = -4*o - 21. Determine l(i).
-9
Let d(k) be the second derivative of 7*k**3/6 - k**2 - 1755*k. Calculate d(2).
12
Suppose 4*x = u + 1 - 8, 4*u - 7 = -5*x. Suppose 0 = h - 4*b - u, 7*h - 4*h - b = 9. Let m(c) = -2*c + 2*c**2 + h*c**2 + 4*c + 6 + c**3. Give m(-5).
-4
Let y(s) = -s**3 + 9*s**2 - 1. Let x(u) = 23*u - 129. Suppose -b + 5*h - 4 = 10, -4*h + 46 = 5*b. Let i be x(b). Give y(i).
-1
Let r(v) be the third derivative of -v**5/60 - v**4/8 + 5*v**3/6 - 7*v**2 - 8*v. Let i = 109 - 114. Give r(i).
-5
Let o = -155 + -31. Let x = -192 - o. Let b(l) = l**2 + 3*l + 6. Give b(x).
24
Let l be (2 + -2)*((-4)/8 + 0). Suppose 0 = -2*p - 2*x - 16, -p + 0*x + x - 6 = l. Let m(w) = w**2 + 10*w + 4. What is m(p)?
-17
Let l(n) = -n**2 - 4*n + 4. Let o(x) = x**2 + 10*x - 6. Let s be o(-9). Let p(t) = t**3 + 16*t**2 + 13*t - 36. Let a be p(s). Determine l(a).
-8
Let h(u) be the second derivative of u**5/20 - 7*u**4/12 + 3*u**3/2 - 11*u**2/2 - 3*u + 9. Determine h(6).
7
Suppose -8*m + 5*j = -3*m - 10, m = -5*j + 26. Let o be (50/15)/(4/m). Suppose 0 = 5*g + 2*d + 20, o*g = 5*d - 22 + 2. Let a(k) = 3*k + 3. Determine a(g).
-9
Let v = -118 - -153. Let i(a) = a - 43. Let c be i(v). Let t(h) be the third derivative of h**6/120 + 2*h**5/15 + h**4/12 + h**3/3 - 2*h**2. Give t(c).
-14
Let f be (6/9)/(2/(-3)). Let h(w) be the third derivative of -w**6/40 + w**5/60 + w**4/24 + w**3/6 + 1172*w**2 - 5. What is h(f)?
4
Let r(d) = 14*d**3 + 46*d**2 + 63*d + 74. Let c(f) = -5*f**3 - 15*f**2 - 21*f - 25. Let p(x) = 17*c(x) + 6*r(x). Calculate p(22).
-3
Suppose -10*o = -26 - 4. Suppose 4*a - 2*h = 18, -o*a = 4*h - 7*h - 21. Let c(p) = -5*p**a - 2 - 3*p + 7*p**2 + 1 - p**2. What is c(4)?
3
Let b(j) = -j**3 - 5*j**2 - j. Let u = -51 + 56. Let y = u - 6. Let i be (2 - y) + (-7 - -1 - 2). Calculate b(i).
5
Let i(s) = s**2 + 5*s - 5. Let w be i(1). Let u(h) = -2*h**2 - 3*h. Let x(o) = o**2 - o - 1. Let f(l) = w*u(l) - x(l). What is f(1)?
-4
Suppose 2*g - 23*g = -93 - 138. Let i(u) = -u**2 + 8*u + 30. Calculate i(g).
-3
Let s be 9/(-2) + ((-156)/(-24) - 8). Let z(u) = -u**3 - 8*u**2 - 9*u + 6. Determine z(s).
-12
Let m(u) = -u + 1. Suppose 0 = 2*i + 252 - 246. Let j be m(i). Let p(h) = -h**2 + h - 3. Give p(j).
-15
Let y(u) be the third derivative of u**8/20160 + u**7/720 + u**6/120 + 113*u**5/60 - 81*u**2. Let a(d) be the third derivative of y(d). Give a(-7).
6
Suppose r - 5*r = -4*y + 20, 5*y - 3*r - 27 = 0. Let x(g) = 498*g - 3 - 503*g - y*g**2 + 5*g**2. Determine x(-5).
-3
Let q(o) = -4*o**2 + 4*o + 19. Let s(f) = -7*f**2 + 7*f + 39. Suppose -6*v - 15 = -3*v. Let c(p) = v*q(p) + 3*s(p). Give c(0).
22
Let o(i) = 0*i**2 - 21 - 3*i - 19 - 8*i**2 + 2*i**3 + 0*i**3 - 3*i**3. What is o(-8)?
-16
Let h(q) = q**2 - 96 + 4*q + 337 - 247. What is h(4)?
26
Let r(z) = -12*z**2 + 16*z + 28. Let w(s) = -13*s**2 + 2*s + 1. Let a(d) = -r(d) + w(d). Determine a(-2).
-3
Let t(m) = 2. Let u(o) = 5*o - 13. Let z(s) = 5*t(s) + u(s). Let b be z(0). Let x(j) = j + 6. Calculate x(b).
3
Let b(x) = 10*x**2 + 19*x + 78. Let q(g) = -3*g**2 - 12. Let j(p) = -b(p) - 4*q(p). Give j(11).
3
Let i(v) be the second derivative of -31*v**3/2 + 191*v**2/2 + 54*v + 5. Determine i(2).
5
Suppose 6*x - 21 - 39 = 0. Let n = 42 + -35. Suppose x*r - 15 = n*r. Let z(o) = o**2 - 7*o - 2. Determine z(r).
-12
Let j(g) = -g**3 + 6*g**2 - 5*g - 4. Suppose -2*n = 4*a - 18 + 10, -a - 25 = 5*n. Give j(a).
-4
Let g(l) = 5*l - 2*l**2 + 4159 - 4163 - l**2 - l**2 - l**3 + 3*l**2. Suppose 0 = 5*b - 23 + 8. Determine g(b).
-25
Let c(i) = 2 + i**3 - 2 - 10*i**2 + 6*i**2. Let b be c(4). Let y(f) = 7*f - 3*f + b*f - f. What is y(2)?
6
Suppose 0*i + 2*i = -2*i. Suppose 2*t = -i*t - 98. Let h = 47 + t. Let v(b) = 3*b + 3. Give v(h).
-3
Let n(q) = 4*q**2 - 3*q + 2. Let w(z) = 3*z**2 - 2*z + 2. Suppose -2*d - 15*y = -10*y - 10, 0 = -d + 5*y + 5. Let k(i) = d*w(i) - 4*n(i). Calculate k(-3).
-13
Suppose 0 = -2*b + b + 5. Let l(g) = -2 + g**2 + 0*g**3 - 3*g**2 - 11*g + 15*g - 3*g**2 + g**3. Give l(b).
18
Let c(m) = -57*m**2 - 2*m + 1. Let s(z) = -67*z**2 - 3*z + 1. Let v(d) = -4*c(d) + 3*s(d). Give v(1).
25
Let d(p) = -4*p**3 - 3*p - 2. Let s(q) = 21*q**3 - q**2 + 15*q + 10. Let c(l) = 11*d(l) + 2*s(l). Let o = -306206 - -306204. Calculate c(o).
12
Suppose -2*i + 4100 = 4*g, -2*g + 0*i = 5*i - 2058. Let y = 1630 - g. Let l(d) = -y*d + 608*d + 2 + 8. Give l(-6).
-2
Let t be (-62)/(-6) + (-2)/(-3). Let x(q) = -39 + 3*q - 8*q - q**3 - 378*q**2 + 194*q**2 + 23 + 195*q**2 + 6*q. What is x(t)?
-5
Let p(b) = -14*b**2 + b. Suppose c + 314 = -354. Let q = c - -669. What is p(q)?
-13
Suppose -54*s + 45*s = -54. Suppose 2*h - 4 = 0, s*u - 7*u - 10 = -5*h. Let w(k) = k + 20. Give w(u).
20
Suppose -k = 2*f - 15, -12*f = -8*f - 2*k - 34. Suppose -11*m + f = -91. Suppose -3*h = m + 12. Let r(u) = -u**2 - 8*u + 1. Calculate r(h).
8
Let l(s) be the first derivative of -s**5/60 - s**4/8 - 56*s**3 + 28. Let j(c) be the third derivative of l(c). Give j(-2).
1
Let x(o) be the second derivative of -5*o + 13*o**2 + 5/3*o**3 + 0 - 1/12*o**4. Give x(13).
-13
Let g be (-26 - -25) + (6/(-4) - 13/(-2)). Let b(y) = 3*y**2 + y - 9. Calculate b(g).
43
Let i(k) = 463777*k**3 + 5 - 463776*k**3 + 3 - 4*k. Determine i(2).
8
Let n(t) = -t**3 - 11*t**2 + 10*t - 20. Let s be n(-12). Let q(w) = -8 - 8*w**2 + w**3 + w**2 + 0*w + s*w + w**2 - 3*w. Give q(6).
-2
Let u(i) be the second derivative of -i**5/20 - i**4/6 + i**3/3 - 3*i**2/2 - 2*i + 27. Calculate u(0).
-3
Let c be ((-64)/24)/((8/(-57))/4). Suppose 74*r - c*r = 14. Let v(l) = l**3 + 8*l**2 + 5*l + 4. Calculate v(r).
18
Let h(i) = -51*i - 804. Let k be h(-16). Let t(u) = -u**3 + 11*u**2 + 9*u - 1. Calculate t(k).
-37
Let k(i) = -i**2 + 7*i + 10. Let x(z) = -12 - z + 2*z**2 + 4 + 1 + 6. Let n be x(-4). Suppose -10*q + 45 = -n. What is k(q)?
2
Let m(g) = 5*g**2 + 3*g - 2. Let l be 2/(-7) - (-7696)/182. Suppose 9*j + l = 60. Calculate m(j).
24
Suppose 5*k - 48 = 7. Suppose 0 = k*a - 5 - 6. Let q(t) = -3*t**2 - 3*t + 1. Let g(c) = -c**2 + c + 2. Let b(r) = a*q(r) - 2*g(r). Determine b(-5).
-3
Suppose 14 = 2*s + 18. Let m(u) be the secon